{"id":4759,"date":"2025-03-17T10:02:37","date_gmt":"2025-03-17T09:02:37","guid":{"rendered":"https:\/\/lavolierecirque.com\/?page_id=4759"},"modified":"2025-03-17T10:03:28","modified_gmt":"2025-03-17T09:03:28","slug":"evenementiel-bien-etre","status":"publish","type":"page","link":"https:\/\/lavolierecirque.com\/index.php\/evenementiel-bien-etre\/","title":{"rendered":"\u00c9v\u00e9nementiel Bien-\u00catre"},"content":{"rendered":"\n<h3 class=\"wp-block-heading\">La page est en cours de pr\u00e9paration.<\/h3>\n\n\n\n<div class=\"wp-block-buttons is-content-justification-center is-layout-flex wp-container-core-buttons-is-layout-1 wp-block-buttons-is-layout-flex\"><\/div>\n\n\n\n<div style=\"height:100px\" aria-hidden=\"true\" class=\"wp-block-spacer\"><\/div>\n\n\n\n<p><\/p>\n","protected":false},"excerpt":{"rendered":"<p>La page est en cours de pr\u00e9paration.<\/p>\n","protected":false},"author":1,"featured_media":4707,"parent":0,"menu_order":0,"comment_status":"closed","ping_status":"closed","template":"elementor_theme","meta":{"site-sidebar-layout":"default","site-content-layout":"default","ast-global-header-display":"","ast-main-header-display":"","ast-hfb-above-header-display":"","ast-hfb-below-header-display":"","ast-hfb-mobile-header-display":"","site-post-title":"","ast-breadcrumbs-content":"","ast-featured-img":"","footer-sml-layout":"","theme-transparent-header-meta":"","adv-header-id-meta":"","stick-header-meta":"","header-above-stick-meta":"","header-main-stick-meta":"","header-below-stick-meta":"","ngg_post_thumbnail":0,"footnotes":""},"class_list":["post-4759","page","type-page","status-publish","has-post-thumbnail","hentry"],"yoast_head":"<!-- This site is optimized with the Yoast SEO plugin v26.8 - https:\/\/yoast.com\/product\/yoast-seo-wordpress\/ -->\n<title>\u00c9v\u00e9nementiel Bien-\u00catre - La Voli\u00e8re<\/title>\n<meta name=\"robots\" content=\"index, follow, max-snippet:-1, max-image-preview:large, max-video-preview:-1\" \/>\n<link rel=\"canonical\" href=\"https:\/\/lavolierecirque.com\/index.php\/evenementiel-bien-etre\/\" \/>\n<meta property=\"og:locale\" content=\"fr_FR\" \/>\n<meta property=\"og:type\" content=\"article\" \/>\n<meta property=\"og:title\" content=\"\u00c9v\u00e9nementiel Bien-\u00catre - La Voli\u00e8re\" \/>\n<meta property=\"og:description\" content=\"La page est en cours de pr\u00e9paration.\" \/>\n<meta property=\"og:url\" content=\"https:\/\/lavolierecirque.com\/index.php\/evenementiel-bien-etre\/\" \/>\n<meta property=\"og:site_name\" content=\"La Voli\u00e8re\" \/>\n<meta property=\"article:modified_time\" content=\"2025-03-17T09:03:28+00:00\" \/>\n<meta property=\"og:image\" content=\"https:\/\/lavolierecirque.com\/wp-content\/uploads\/2025\/03\/programmation-2.jpg\" \/>\n\t<meta property=\"og:image:width\" content=\"1200\" \/>\n\t<meta property=\"og:image:height\" content=\"400\" \/>\n\t<meta property=\"og:image:type\" content=\"image\/jpeg\" \/>\n<meta name=\"twitter:card\" content=\"summary_large_image\" \/>\n<meta name=\"twitter:label1\" content=\"Dur\u00e9e de lecture estim\u00e9e\" \/>\n\t<meta name=\"twitter:data1\" content=\"1 minute\" \/>\n<script type=\"application\/ld+json\" class=\"yoast-schema-graph\">{\"@context\":\"https:\/\/schema.org\",\"@graph\":[{\"@type\":\"WebPage\",\"@id\":\"https:\/\/lavolierecirque.com\/index.php\/evenementiel-bien-etre\/\",\"url\":\"https:\/\/lavolierecirque.com\/index.php\/evenementiel-bien-etre\/\",\"name\":\"\u00c9v\u00e9nementiel Bien-\u00catre - La Voli\u00e8re\",\"isPartOf\":{\"@id\":\"https:\/\/lavolierecirque.com\/#website\"},\"primaryImageOfPage\":{\"@id\":\"https:\/\/lavolierecirque.com\/index.php\/evenementiel-bien-etre\/#primaryimage\"},\"image\":{\"@id\":\"https:\/\/lavolierecirque.com\/index.php\/evenementiel-bien-etre\/#primaryimage\"},\"thumbnailUrl\":\"https:\/\/lavolierecirque.com\/wp-content\/uploads\/2025\/03\/programmation-2.jpg\",\"datePublished\":\"2025-03-17T09:02:37+00:00\",\"dateModified\":\"2025-03-17T09:03:28+00:00\",\"breadcrumb\":{\"@id\":\"https:\/\/lavolierecirque.com\/index.php\/evenementiel-bien-etre\/#breadcrumb\"},\"inLanguage\":\"fr-FR\",\"potentialAction\":[{\"@type\":\"ReadAction\",\"target\":[\"https:\/\/lavolierecirque.com\/index.php\/evenementiel-bien-etre\/\"]}]},{\"@type\":\"ImageObject\",\"inLanguage\":\"fr-FR\",\"@id\":\"https:\/\/lavolierecirque.com\/index.php\/evenementiel-bien-etre\/#primaryimage\",\"url\":\"https:\/\/lavolierecirque.com\/wp-content\/uploads\/2025\/03\/programmation-2.jpg\",\"contentUrl\":\"https:\/\/lavolierecirque.com\/wp-content\/uploads\/2025\/03\/programmation-2.jpg\",\"width\":1200,\"height\":400},{\"@type\":\"BreadcrumbList\",\"@id\":\"https:\/\/lavolierecirque.com\/index.php\/evenementiel-bien-etre\/#breadcrumb\",\"itemListElement\":[{\"@type\":\"ListItem\",\"position\":1,\"name\":\"Accueil\",\"item\":\"https:\/\/lavolierecirque.com\/\"},{\"@type\":\"ListItem\",\"position\":2,\"name\":\"\u00c9v\u00e9nementiel Bien-\u00catre\"}]},{\"@type\":\"WebSite\",\"@id\":\"https:\/\/lavolierecirque.com\/#website\",\"url\":\"https:\/\/lavolierecirque.com\/\",\"name\":\"La Voli\u00e8re\",\"description\":\"Lieu d\u00e9di\u00e9 au nouveau cirque &amp; \u00e0 la danse a\u00e9rienne\",\"potentialAction\":[{\"@type\":\"SearchAction\",\"target\":{\"@type\":\"EntryPoint\",\"urlTemplate\":\"https:\/\/lavolierecirque.com\/?s={search_term_string}\"},\"query-input\":{\"@type\":\"PropertyValueSpecification\",\"valueRequired\":true,\"valueName\":\"search_term_string\"}}],\"inLanguage\":\"fr-FR\"}]}<\/script>\n<!-- \/ Yoast SEO plugin. -->","yoast_head_json":{"title":"\u00c9v\u00e9nementiel Bien-\u00catre - La Voli\u00e8re","robots":{"index":"index","follow":"follow","max-snippet":"max-snippet:-1","max-image-preview":"max-image-preview:large","max-video-preview":"max-video-preview:-1"},"canonical":"https:\/\/lavolierecirque.com\/index.php\/evenementiel-bien-etre\/","og_locale":"fr_FR","og_type":"article","og_title":"\u00c9v\u00e9nementiel Bien-\u00catre - La Voli\u00e8re","og_description":"La page est en cours de pr\u00e9paration.","og_url":"https:\/\/lavolierecirque.com\/index.php\/evenementiel-bien-etre\/","og_site_name":"La Voli\u00e8re","article_modified_time":"2025-03-17T09:03:28+00:00","og_image":[{"width":1200,"height":400,"url":"https:\/\/lavolierecirque.com\/wp-content\/uploads\/2025\/03\/programmation-2.jpg","type":"image\/jpeg"}],"twitter_card":"summary_large_image","twitter_misc":{"Dur\u00e9e de lecture estim\u00e9e":"1 minute"},"schema":{"@context":"https:\/\/schema.org","@graph":[{"@type":"WebPage","@id":"https:\/\/lavolierecirque.com\/index.php\/evenementiel-bien-etre\/","url":"https:\/\/lavolierecirque.com\/index.php\/evenementiel-bien-etre\/","name":"\u00c9v\u00e9nementiel Bien-\u00catre - La Voli\u00e8re","isPartOf":{"@id":"https:\/\/lavolierecirque.com\/#website"},"primaryImageOfPage":{"@id":"https:\/\/lavolierecirque.com\/index.php\/evenementiel-bien-etre\/#primaryimage"},"image":{"@id":"https:\/\/lavolierecirque.com\/index.php\/evenementiel-bien-etre\/#primaryimage"},"thumbnailUrl":"https:\/\/lavolierecirque.com\/wp-content\/uploads\/2025\/03\/programmation-2.jpg","datePublished":"2025-03-17T09:02:37+00:00","dateModified":"2025-03-17T09:03:28+00:00","breadcrumb":{"@id":"https:\/\/lavolierecirque.com\/index.php\/evenementiel-bien-etre\/#breadcrumb"},"inLanguage":"fr-FR","potentialAction":[{"@type":"ReadAction","target":["https:\/\/lavolierecirque.com\/index.php\/evenementiel-bien-etre\/"]}]},{"@type":"ImageObject","inLanguage":"fr-FR","@id":"https:\/\/lavolierecirque.com\/index.php\/evenementiel-bien-etre\/#primaryimage","url":"https:\/\/lavolierecirque.com\/wp-content\/uploads\/2025\/03\/programmation-2.jpg","contentUrl":"https:\/\/lavolierecirque.com\/wp-content\/uploads\/2025\/03\/programmation-2.jpg","width":1200,"height":400},{"@type":"BreadcrumbList","@id":"https:\/\/lavolierecirque.com\/index.php\/evenementiel-bien-etre\/#breadcrumb","itemListElement":[{"@type":"ListItem","position":1,"name":"Accueil","item":"https:\/\/lavolierecirque.com\/"},{"@type":"ListItem","position":2,"name":"\u00c9v\u00e9nementiel Bien-\u00catre"}]},{"@type":"WebSite","@id":"https:\/\/lavolierecirque.com\/#website","url":"https:\/\/lavolierecirque.com\/","name":"La Voli\u00e8re","description":"Lieu d\u00e9di\u00e9 au nouveau cirque &amp; \u00e0 la danse a\u00e9rienne","potentialAction":[{"@type":"SearchAction","target":{"@type":"EntryPoint","urlTemplate":"https:\/\/lavolierecirque.com\/?s={search_term_string}"},"query-input":{"@type":"PropertyValueSpecification","valueRequired":true,"valueName":"search_term_string"}}],"inLanguage":"fr-FR"}]}},"rttpg_featured_image_url":{"full":["https:\/\/lavolierecirque.com\/wp-content\/uploads\/2025\/03\/programmation-2.jpg",1200,400,false],"landscape":["https:\/\/lavolierecirque.com\/wp-content\/uploads\/2025\/03\/programmation-2.jpg",1200,400,false],"portraits":["https:\/\/lavolierecirque.com\/wp-content\/uploads\/2025\/03\/programmation-2.jpg",1200,400,false],"thumbnail":["https:\/\/lavolierecirque.com\/wp-content\/uploads\/2025\/03\/programmation-2-150x150.jpg",150,150,true],"medium":["https:\/\/lavolierecirque.com\/wp-content\/uploads\/2025\/03\/programmation-2-300x100.jpg",300,100,true],"large":["https:\/\/lavolierecirque.com\/wp-content\/uploads\/2025\/03\/programmation-2.jpg",1200,400,false],"1536x1536":["https:\/\/lavolierecirque.com\/wp-content\/uploads\/2025\/03\/programmation-2.jpg",1200,400,false],"2048x2048":["https:\/\/lavolierecirque.com\/wp-content\/uploads\/2025\/03\/programmation-2.jpg",1200,400,false]},"rttpg_author":{"display_name":"admin5999","author_link":"https:\/\/lavolierecirque.com\/index.php\/author\/admin5999\/"},"rttpg_comment":0,"rttpg_category":null,"rttpg_excerpt":"La page est en cours de pr\u00e9paration.","_links":{"self":[{"href":"https:\/\/lavolierecirque.com\/index.php\/wp-json\/wp\/v2\/pages\/4759","targetHints":{"allow":["GET"]}}],"collection":[{"href":"https:\/\/lavolierecirque.com\/index.php\/wp-json\/wp\/v2\/pages"}],"about":[{"href":"https:\/\/lavolierecirque.com\/index.php\/wp-json\/wp\/v2\/types\/page"}],"author":[{"embeddable":true,"href":"https:\/\/lavolierecirque.com\/index.php\/wp-json\/wp\/v2\/users\/1"}],"replies":[{"embeddable":true,"href":"https:\/\/lavolierecirque.com\/index.php\/wp-json\/wp\/v2\/comments?post=4759"}],"version-history":[{"count":1,"href":"https:\/\/lavolierecirque.com\/index.php\/wp-json\/wp\/v2\/pages\/4759\/revisions"}],"predecessor-version":[{"id":4761,"href":"https:\/\/lavolierecirque.com\/index.php\/wp-json\/wp\/v2\/pages\/4759\/revisions\/4761"}],"wp:featuredmedia":[{"embeddable":true,"href":"https:\/\/lavolierecirque.com\/index.php\/wp-json\/wp\/v2\/media\/4707"}],"wp:attachment":[{"href":"https:\/\/lavolierecirque.com\/index.php\/wp-json\/wp\/v2\/media?parent=4759"}],"curies":[{"name":"wp","href":"https:\/\/api.w.org\/{rel}","templated":true}]}}