{"id":1526,"date":"2023-02-12T15:56:54","date_gmt":"2023-02-12T14:56:54","guid":{"rendered":"https:\/\/lavolierecirque.com\/?page_id=1526"},"modified":"2026-04-07T10:59:56","modified_gmt":"2026-04-07T08:59:56","slug":"accompagnement-artistique","status":"publish","type":"page","link":"https:\/\/lavolierecirque.com\/index.php\/accompagnement-artistique\/","title":{"rendered":"Cr\u00e9ations Originales"},"content":{"rendered":"\n<p class=\"has-medium-font-size\"><strong><em>PARTICULES D&rsquo;ETERNITE<\/em><\/strong><\/p>\n\n\n\n<p><\/p>\n\n\n\n<p><strong>2026 marque les vingt ans de la r\u00e9ouverture de la Coll\u00e9giale au public.<\/strong><br>\u00c9quipement touristique et culturel situ\u00e9 \u00e0 Angers, cet anniversaire sera c\u00e9l\u00e9br\u00e9 \u00e0 travers un spectacle vivant m\u00ealant&nbsp;<strong>voix, musique et danse a\u00e9rienne.<\/strong><\/p>\n\n\n\n<p><strong><em>Particules d\u2019\u00e9ternit\u00e9<\/em><\/strong>&nbsp;est une&nbsp;<strong>Cr\u00e9ation&nbsp;<em>in situ<\/em><\/strong>&nbsp;imagin\u00e9e par Fred Deb\u2019<\/p>\n\n\n\n<p>Cette cr\u00e9ation originale et sur-mesure s\u2019inscrit dans la continuit\u00e9 des projets artistiques port\u00e9s par la Coll\u00e9giale depuis ces vingt derni\u00e8res ann\u00e9es :<strong>&nbsp;valoriser le patrimoine tout en le faisant r\u00e9sonner avec la cr\u00e9ation contemporaine<\/strong>. Pour cet anniversaire, la Coll\u00e9giale Saint-Martin devient une&nbsp;<strong>sc\u00e8ne-cath\u00e9drale<\/strong>, un instrument de r\u00e9sonance o\u00f9 chaque pierre de l\u2019\u00e9difice, chaque vo\u00fbte du monument, chaque souffle d\u2019air du lieu raconte une part de notre histoire commune.<\/p>\n\n\n\n<p><strong>LIEU<\/strong>&nbsp;: &nbsp;Coll\u00e9giale Saint-Martin d\u2019Angers (49)<\/p>\n\n\n\n<div style=\"height:20px\" aria-hidden=\"true\" class=\"wp-block-spacer\"><\/div>\n\n\n\n<div class=\"wp-block-columns is-layout-flex wp-container-core-columns-is-layout-1 wp-block-columns-is-layout-flex\">\n<div class=\"wp-block-column is-layout-flow wp-block-column-is-layout-flow\" style=\"flex-basis:100%\">\nngg_shortcode_0_placeholder\n\n\n\nngg_shortcode_1_placeholder\n\n\n\n<div style=\"height:15px\" aria-hidden=\"true\" class=\"wp-block-spacer\"><\/div>\n\n\n\n<p class=\"has-small-font-size\"><em>Cr\u00e9dits Photos : D\u00e9partement de Maine et Loire et Yann Semler Collery<\/em><\/p>\n\n\n\n<div style=\"height:20px\" aria-hidden=\"true\" class=\"wp-block-spacer\"><\/div>\n<\/div>\n\n\n\n<div class=\"wp-block-column is-layout-flow wp-block-column-is-layout-flow\"><\/div>\n<\/div>\n\n\n\n<div class=\"wp-block-buttons is-layout-flex wp-block-buttons-is-layout-flex\">\n<div class=\"wp-block-button has-custom-font-size is-style-fill has-small-font-size\"><a class=\"wp-block-button__link has-black-color has-white-background-color has-text-color has-background has-link-color wp-element-button\" href=\"https:\/\/www.maine-et-loire.fr\/espace-presse\/communique-de-presse\/particules-deternite-a-la-collegiale-saint-martin\">D\u00e9partement de Maine et Loire<\/a><\/div>\n\n\n\n<div class=\"wp-block-button has-custom-font-size has-small-font-size\"><a class=\"wp-block-button__link has-black-color has-ast-global-color-5-background-color has-text-color has-background has-link-color wp-element-button\" href=\"https:\/\/www.collegiale-saint-martin.fr\/expositions-et-evenements\/retour-sur\/particules-deternite-creation\">Coll\u00e9giale Saint-Martin<\/a><\/div>\n\n\n\n<div class=\"wp-block-button has-custom-font-size is-style-fill has-small-font-size\"><a class=\"wp-block-button__link has-black-color has-ast-global-color-5-background-color has-text-color has-background has-link-color wp-element-button\" href=\"https:\/\/www.ouest-france.fr\/culture\/arts\/expositions\/quelles-sont-ces-particules-deternite-qui-prennent-possession-de-la-collegiale-saint-martin-a-angers-9a8cbd72-26e4-11f1-aab7-85ef88fbd7c17\">Ouest France<\/a><\/div>\n<\/div>\n\n\n\n<p><\/p>\n\n\n\n<p class=\"has-small-font-size\"><em>Une cr\u00e9ation originale produite par La Voli\u00e8re, commandit\u00e9e par le D\u00e9partement de Maine-et-Loire pour les 20 ans de r\u00e9ouverture au public de la Coll\u00e9giale Saint-Martin d\u2019Angers<\/em><\/p>\n\n\n\n<p class=\"has-small-font-size\">Direction artistique : Fred Deb\u2019<\/p>\n\n\n\n<p class=\"has-small-font-size\">Assistance \u00e0 la direction artistique : Charlotte De la Bret\u00e8que<\/p>\n\n\n\n<p class=\"has-small-font-size\">Circassiennes a\u00e9riennes :&nbsp; Anastasiia Sholokhova, Ariadna Vendelova, Charlotte de la Br\u00e9t\u00e8que, Elli Skourogianni, Izabel\u0117 Kuzelyt\u0117, Lisa Rinne,<\/p>\n\n\n\n<p class=\"has-small-font-size\">Musique et direction du ch\u0153ur : Pierre-Louis Bonamy, avec le ch\u0153ur d\u2019enfants de la Ma\u00eetrise des Pays-de-la-Loire<\/p>\n\n\n\n<p class=\"has-small-font-size\">Cr\u00e9ation lumi\u00e8re : Antoine Monzonis-Calvet<\/p>\n\n\n\n<p class=\"has-small-font-size\">R\u00e9gie technique et rigging : Paul-Emmanuel Houaslet, Arnaud Jamin, Andreas Bartl<\/p>\n\n\n\n<p class=\"has-small-font-size\"><em>Avec le soutien \u00e0 la production, \u00e0 l\u2019accueil technique et \u00e0 la mise en musique du D\u00e9partement de Maine-et-Loire<\/em><br><\/p>\n\n\n\n<div style=\"height:22px\" aria-hidden=\"true\" class=\"wp-block-spacer\"><\/div>\n\n\n\n<p class=\"has-medium-font-size\"><strong><em>ELEVATION<\/em><\/strong><\/p>\n\n\n\n<p><em><strong>Inauguration de la Cath\u00e9drale de Nantes<\/strong><\/em> le 27\/09\/2025<\/p>\n\n\n\n<p>Le 27 septembre dernier, le spectacle&nbsp;<em><strong>\u00c9LEVATION<\/strong><\/em>&nbsp;prenait corps sur le parvis de la cath\u00e9drale de Nantes pour la c\u00e9r\u00e9monie de r\u00e9ouverture du lieu. A la demande de l\u2019ETAT \u2013 Drac des Pays de la Loire, Fred Deb\u2019 a imagin\u00e9 un ballet a\u00e9rien qui proposait de faire dialoguer suspension des corps et patrimoine architectural. Des artistes internationaux \u00e9voluaient sur diff\u00e9rents agr\u00e8s, cr\u00e9ant des tableaux en r\u00e9sonance avec la musique de l\u2019orchestre baroque Stradivaria.<\/p>\n\n\n\n<p>Un travail subtil sur les volumes et les mouvements, o\u00f9 les corps viennent jouer et r\u00e9sonner avec le sol, la pierre, l\u2019air, invitant les spectateur\u00b7rice\u00b7s \u00e0 c\u00e9l\u00e9brer la renaissance de ce lieu embl\u00e9matique, tout en rendant hommage aux soldat\u00b7e\u00b7s du feu qui ont sauv\u00e9 la cath\u00e9drale des flammes.<\/p>\n\n\n\nngg_shortcode_2_placeholder\n\n\n\n<p><\/p>\n\n\n\n<figure class=\"wp-block-embed aligncenter is-type-video is-provider-youtube wp-block-embed-youtube\" style=\"margin-top:0;margin-right:0;margin-bottom:0;margin-left:0\"><div class=\"wp-block-embed__wrapper\">\n<div class=\"ast-oembed-container\" style=\"height: 100%;\"><iframe title=\"ELEVATION de Fred Deb&#039; - Teaser\" width=\"500\" height=\"281\" src=\"https:\/\/www.youtube.com\/embed\/4FZv4zBVyxw?feature=oembed\" frameborder=\"0\" allow=\"accelerometer; autoplay; clipboard-write; encrypted-media; gyroscope; picture-in-picture; web-share\" referrerpolicy=\"strict-origin-when-cross-origin\" allowfullscreen><\/iframe><\/div>\n<\/div><\/figure>\n\n\n\n<div class=\"wp-block-buttons is-layout-flex wp-block-buttons-is-layout-flex\">\n<div class=\"wp-block-button has-custom-font-size has-small-font-size\"><a class=\"wp-block-button__link has-black-color has-white-background-color has-text-color has-background has-link-color wp-element-button\" href=\"https:\/\/www.ouest-france.fr\/pays-de-la-loire\/nantes-44000\/un-ballet-aerien-pour-celebrer-la-reouverture-de-la-cathedrale-de-nantes-samedi-27-septembre-c85972fa-9237-11f0-97e6-741179c952b9\">Article Ouest France<\/a><\/div>\n\n\n\n<div class=\"wp-block-button has-custom-font-size has-small-font-size\"><a class=\"wp-block-button__link has-black-color has-ast-global-color-5-background-color has-text-color has-background has-link-color wp-element-button\" href=\"https:\/\/www.instagram.com\/p\/DO_TiTeEa9y\/\">Reportage France 3<\/a><\/div>\n<\/div>\n\n\n\n<div class=\"wp-block-columns is-layout-flex wp-container-core-columns-is-layout-2 wp-block-columns-is-layout-flex\">\n<div class=\"wp-block-column is-layout-flow wp-block-column-is-layout-flow\">\n<div style=\"height:28px\" aria-hidden=\"true\" class=\"wp-block-spacer\"><\/div>\n<\/div>\n\n\n\n<div class=\"wp-block-column is-layout-flow wp-block-column-is-layout-flow\"><\/div>\n<\/div>\n\n\n\n<p><strong>LIEU :&nbsp;<\/strong>Sur le parvis de la Cath\u00e9drale Saint-Pierre Saint-Paul de Nantes<\/p>\n\n\n\n<p class=\"has-small-font-size\"><em>Credits photos Roland Griffon \/ Teaser : Production Cordialement Bisous \/ Collectif Balezocirque \/ Raphael Caputo \/ Clara Jonquet \/Antoine Duclos<\/em><\/p>\n\n\n\n<p><\/p>\n","protected":false},"excerpt":{"rendered":"<p>PARTICULES D&rsquo;ETERNITE 2026 marque les vingt ans de la r\u00e9ouverture de la Coll\u00e9giale au public.\u00c9quipement touristique et culturel situ\u00e9 \u00e0 Angers, cet anniversaire sera c\u00e9l\u00e9br\u00e9 \u00e0 travers un spectacle vivant m\u00ealant&nbsp;voix, musique et danse a\u00e9rienne. Particules d\u2019\u00e9ternit\u00e9&nbsp;est une&nbsp;Cr\u00e9ation&nbsp;in situ&nbsp;imagin\u00e9e par Fred Deb\u2019 Cette cr\u00e9ation originale et sur-mesure s\u2019inscrit dans la continuit\u00e9 des projets artistiques port\u00e9s par la Coll\u00e9giale depuis ces vingt derni\u00e8res ann\u00e9es :&nbsp;valoriser le patrimoine tout en le faisant r\u00e9sonner avec la cr\u00e9ation contemporaine. Pour cet anniversaire, la Coll\u00e9giale Saint-Martin devient une&nbsp;sc\u00e8ne-cath\u00e9drale, un instrument de r\u00e9sonance o\u00f9 chaque pierre de l\u2019\u00e9difice, chaque vo\u00fbte du monument, chaque souffle d\u2019air du lieu raconte une part de notre histoire commune. LIEU&nbsp;: &nbsp;Coll\u00e9giale Saint-Martin d\u2019Angers (49) Cr\u00e9dits Photos : D\u00e9partement de Maine et Loire et Yann Semler Collery Une cr\u00e9ation originale produite par La Voli\u00e8re, commandit\u00e9e par le D\u00e9partement de Maine-et-Loire pour les 20 ans de r\u00e9ouverture au public de la Coll\u00e9giale Saint-Martin d\u2019Angers Direction artistique : Fred Deb\u2019 Assistance \u00e0 la direction artistique : Charlotte De la Bret\u00e8que Circassiennes a\u00e9riennes :&nbsp; Anastasiia Sholokhova, Ariadna Vendelova, Charlotte de la Br\u00e9t\u00e8que, Elli Skourogianni, Izabel\u0117 Kuzelyt\u0117, Lisa Rinne, Musique et direction du ch\u0153ur : Pierre-Louis Bonamy, avec le ch\u0153ur d\u2019enfants de la Ma\u00eetrise des Pays-de-la-Loire Cr\u00e9ation lumi\u00e8re : Antoine Monzonis-Calvet R\u00e9gie technique et rigging : Paul-Emmanuel Houaslet, Arnaud Jamin, Andreas Bartl Avec le soutien \u00e0 la production, \u00e0 l\u2019accueil technique et \u00e0 la mise en musique du D\u00e9partement de Maine-et-Loire ELEVATION Inauguration de la Cath\u00e9drale de Nantes le 27\/09\/2025 Le 27 septembre dernier, le spectacle&nbsp;\u00c9LEVATION&nbsp;prenait corps sur le parvis de la cath\u00e9drale de Nantes pour la c\u00e9r\u00e9monie de r\u00e9ouverture du lieu. A la demande de l\u2019ETAT \u2013 Drac des Pays de la Loire, Fred Deb\u2019 a imagin\u00e9 un ballet a\u00e9rien qui proposait de faire dialoguer suspension des corps et patrimoine architectural. Des artistes internationaux \u00e9voluaient sur diff\u00e9rents agr\u00e8s, cr\u00e9ant des tableaux en r\u00e9sonance avec la musique de l\u2019orchestre baroque Stradivaria. Un travail subtil sur les volumes et les mouvements, o\u00f9 les corps viennent jouer et r\u00e9sonner avec le sol, la pierre, l\u2019air, invitant les spectateur\u00b7rice\u00b7s \u00e0 c\u00e9l\u00e9brer la renaissance de ce lieu embl\u00e9matique, tout en rendant hommage aux soldat\u00b7e\u00b7s du feu qui ont sauv\u00e9 la cath\u00e9drale des flammes. LIEU :&nbsp;Sur le parvis de la Cath\u00e9drale Saint-Pierre Saint-Paul de Nantes Credits photos Roland Griffon \/ Teaser : Production Cordialement Bisous \/ Collectif Balezocirque \/ Raphael Caputo \/ Clara Jonquet \/Antoine Duclos<\/p>\n","protected":false},"author":1,"featured_media":0,"parent":0,"menu_order":0,"comment_status":"closed","ping_status":"closed","template":"elementor_theme","meta":{"site-sidebar-layout":"default","site-content-layout":"default","ast-global-header-display":"","ast-main-header-display":"","ast-hfb-above-header-display":"","ast-hfb-below-header-display":"","ast-hfb-mobile-header-display":"","site-post-title":"","ast-breadcrumbs-content":"","ast-featured-img":"","footer-sml-layout":"","theme-transparent-header-meta":"","adv-header-id-meta":"","stick-header-meta":"","header-above-stick-meta":"","header-main-stick-meta":"","header-below-stick-meta":"","ngg_post_thumbnail":0,"footnotes":""},"class_list":["post-1526","page","type-page","status-publish","hentry"],"yoast_head":"<!-- This site is optimized with the Yoast SEO plugin v26.8 - https:\/\/yoast.com\/product\/yoast-seo-wordpress\/ -->\n<title>Cr\u00e9ations Originales - La Voli\u00e8re<\/title>\n<meta name=\"description\" content=\"Ce mentorat s\u2019adresse aux artistes et compagnies qui souhaitent b\u00e9n\u00e9ficier d\u2019un accompagnement artistique personnalis\u00e9 pour la cr\u00e9ation de leur num\u00e9ro ou de leur spectacle dans le domaine du Cirque A\u00e9rien et de la Danse A\u00e9rienne.\" \/>\n<meta name=\"robots\" content=\"index, follow, max-snippet:-1, max-image-preview:large, max-video-preview:-1\" \/>\n<link rel=\"canonical\" href=\"https:\/\/lavolierecirque.com\/index.php\/accompagnement-artistique\/\" \/>\n<meta property=\"og:locale\" content=\"fr_FR\" \/>\n<meta property=\"og:type\" content=\"article\" \/>\n<meta property=\"og:title\" content=\"Cr\u00e9ations Originales - La Voli\u00e8re\" \/>\n<meta property=\"og:description\" content=\"Ce mentorat s\u2019adresse aux artistes et compagnies qui souhaitent b\u00e9n\u00e9ficier d\u2019un accompagnement artistique personnalis\u00e9 pour la cr\u00e9ation de leur num\u00e9ro ou de leur spectacle dans le domaine du Cirque A\u00e9rien et de la Danse A\u00e9rienne.\" \/>\n<meta property=\"og:url\" content=\"https:\/\/lavolierecirque.com\/index.php\/accompagnement-artistique\/\" \/>\n<meta property=\"og:site_name\" content=\"La Voli\u00e8re\" \/>\n<meta property=\"article:modified_time\" content=\"2026-04-07T08:59:56+00:00\" \/>\n<meta name=\"twitter:card\" content=\"summary_large_image\" \/>\n<meta name=\"twitter:label1\" content=\"Dur\u00e9e de lecture estim\u00e9e\" \/>\n\t<meta name=\"twitter:data1\" content=\"3 minutes\" \/>\n<script type=\"application\/ld+json\" class=\"yoast-schema-graph\">{\"@context\":\"https:\/\/schema.org\",\"@graph\":[{\"@type\":\"WebPage\",\"@id\":\"https:\/\/lavolierecirque.com\/index.php\/accompagnement-artistique\/\",\"url\":\"https:\/\/lavolierecirque.com\/index.php\/accompagnement-artistique\/\",\"name\":\"Cr\u00e9ations Originales - La Voli\u00e8re\",\"isPartOf\":{\"@id\":\"https:\/\/lavolierecirque.com\/#website\"},\"datePublished\":\"2023-02-12T14:56:54+00:00\",\"dateModified\":\"2026-04-07T08:59:56+00:00\",\"description\":\"Ce mentorat s\u2019adresse aux artistes et compagnies qui souhaitent b\u00e9n\u00e9ficier d\u2019un accompagnement artistique personnalis\u00e9 pour la cr\u00e9ation de leur num\u00e9ro ou de leur spectacle dans le domaine du Cirque A\u00e9rien et de la Danse A\u00e9rienne.\",\"breadcrumb\":{\"@id\":\"https:\/\/lavolierecirque.com\/index.php\/accompagnement-artistique\/#breadcrumb\"},\"inLanguage\":\"fr-FR\",\"potentialAction\":[{\"@type\":\"ReadAction\",\"target\":[\"https:\/\/lavolierecirque.com\/index.php\/accompagnement-artistique\/\"]}]},{\"@type\":\"BreadcrumbList\",\"@id\":\"https:\/\/lavolierecirque.com\/index.php\/accompagnement-artistique\/#breadcrumb\",\"itemListElement\":[{\"@type\":\"ListItem\",\"position\":1,\"name\":\"Accueil\",\"item\":\"https:\/\/lavolierecirque.com\/\"},{\"@type\":\"ListItem\",\"position\":2,\"name\":\"Cr\u00e9ations Originales\"}]},{\"@type\":\"WebSite\",\"@id\":\"https:\/\/lavolierecirque.com\/#website\",\"url\":\"https:\/\/lavolierecirque.com\/\",\"name\":\"La Voli\u00e8re\",\"description\":\"Lieu d\u00e9di\u00e9 au nouveau cirque &amp; \u00e0 la danse a\u00e9rienne\",\"potentialAction\":[{\"@type\":\"SearchAction\",\"target\":{\"@type\":\"EntryPoint\",\"urlTemplate\":\"https:\/\/lavolierecirque.com\/?s={search_term_string}\"},\"query-input\":{\"@type\":\"PropertyValueSpecification\",\"valueRequired\":true,\"valueName\":\"search_term_string\"}}],\"inLanguage\":\"fr-FR\"}]}<\/script>\n<!-- \/ Yoast SEO plugin. -->","yoast_head_json":{"title":"Cr\u00e9ations Originales - La Voli\u00e8re","description":"Ce mentorat s\u2019adresse aux artistes et compagnies qui souhaitent b\u00e9n\u00e9ficier d\u2019un accompagnement artistique personnalis\u00e9 pour la cr\u00e9ation de leur num\u00e9ro ou de leur spectacle dans le domaine du Cirque A\u00e9rien et de la Danse A\u00e9rienne.","robots":{"index":"index","follow":"follow","max-snippet":"max-snippet:-1","max-image-preview":"max-image-preview:large","max-video-preview":"max-video-preview:-1"},"canonical":"https:\/\/lavolierecirque.com\/index.php\/accompagnement-artistique\/","og_locale":"fr_FR","og_type":"article","og_title":"Cr\u00e9ations Originales - La Voli\u00e8re","og_description":"Ce mentorat s\u2019adresse aux artistes et compagnies qui souhaitent b\u00e9n\u00e9ficier d\u2019un accompagnement artistique personnalis\u00e9 pour la cr\u00e9ation de leur num\u00e9ro ou de leur spectacle dans le domaine du Cirque A\u00e9rien et de la Danse A\u00e9rienne.","og_url":"https:\/\/lavolierecirque.com\/index.php\/accompagnement-artistique\/","og_site_name":"La Voli\u00e8re","article_modified_time":"2026-04-07T08:59:56+00:00","twitter_card":"summary_large_image","twitter_misc":{"Dur\u00e9e de lecture estim\u00e9e":"3 minutes"},"schema":{"@context":"https:\/\/schema.org","@graph":[{"@type":"WebPage","@id":"https:\/\/lavolierecirque.com\/index.php\/accompagnement-artistique\/","url":"https:\/\/lavolierecirque.com\/index.php\/accompagnement-artistique\/","name":"Cr\u00e9ations Originales - La Voli\u00e8re","isPartOf":{"@id":"https:\/\/lavolierecirque.com\/#website"},"datePublished":"2023-02-12T14:56:54+00:00","dateModified":"2026-04-07T08:59:56+00:00","description":"Ce mentorat s\u2019adresse aux artistes et compagnies qui souhaitent b\u00e9n\u00e9ficier d\u2019un accompagnement artistique personnalis\u00e9 pour la cr\u00e9ation de leur num\u00e9ro ou de leur spectacle dans le domaine du Cirque A\u00e9rien et de la Danse A\u00e9rienne.","breadcrumb":{"@id":"https:\/\/lavolierecirque.com\/index.php\/accompagnement-artistique\/#breadcrumb"},"inLanguage":"fr-FR","potentialAction":[{"@type":"ReadAction","target":["https:\/\/lavolierecirque.com\/index.php\/accompagnement-artistique\/"]}]},{"@type":"BreadcrumbList","@id":"https:\/\/lavolierecirque.com\/index.php\/accompagnement-artistique\/#breadcrumb","itemListElement":[{"@type":"ListItem","position":1,"name":"Accueil","item":"https:\/\/lavolierecirque.com\/"},{"@type":"ListItem","position":2,"name":"Cr\u00e9ations Originales"}]},{"@type":"WebSite","@id":"https:\/\/lavolierecirque.com\/#website","url":"https:\/\/lavolierecirque.com\/","name":"La Voli\u00e8re","description":"Lieu d\u00e9di\u00e9 au nouveau cirque &amp; \u00e0 la danse a\u00e9rienne","potentialAction":[{"@type":"SearchAction","target":{"@type":"EntryPoint","urlTemplate":"https:\/\/lavolierecirque.com\/?s={search_term_string}"},"query-input":{"@type":"PropertyValueSpecification","valueRequired":true,"valueName":"search_term_string"}}],"inLanguage":"fr-FR"}]}},"rttpg_featured_image_url":null,"rttpg_author":{"display_name":"admin5999","author_link":"https:\/\/lavolierecirque.com\/index.php\/author\/admin5999\/"},"rttpg_comment":0,"rttpg_category":null,"rttpg_excerpt":"PARTICULES D&rsquo;ETERNITE 2026 marque les vingt ans de la r\u00e9ouverture de la Coll\u00e9giale au public.\u00c9quipement touristique et culturel situ\u00e9 \u00e0 Angers, cet anniversaire sera c\u00e9l\u00e9br\u00e9 \u00e0 travers un spectacle vivant m\u00ealant&nbsp;voix, musique et danse a\u00e9rienne. Particules d\u2019\u00e9ternit\u00e9&nbsp;est une&nbsp;Cr\u00e9ation&nbsp;in situ&nbsp;imagin\u00e9e par Fred Deb\u2019 Cette cr\u00e9ation originale et sur-mesure s\u2019inscrit dans la continuit\u00e9 des projets artistiques port\u00e9s\u2026","_links":{"self":[{"href":"https:\/\/lavolierecirque.com\/index.php\/wp-json\/wp\/v2\/pages\/1526","targetHints":{"allow":["GET"]}}],"collection":[{"href":"https:\/\/lavolierecirque.com\/index.php\/wp-json\/wp\/v2\/pages"}],"about":[{"href":"https:\/\/lavolierecirque.com\/index.php\/wp-json\/wp\/v2\/types\/page"}],"author":[{"embeddable":true,"href":"https:\/\/lavolierecirque.com\/index.php\/wp-json\/wp\/v2\/users\/1"}],"replies":[{"embeddable":true,"href":"https:\/\/lavolierecirque.com\/index.php\/wp-json\/wp\/v2\/comments?post=1526"}],"version-history":[{"count":13,"href":"https:\/\/lavolierecirque.com\/index.php\/wp-json\/wp\/v2\/pages\/1526\/revisions"}],"predecessor-version":[{"id":6032,"href":"https:\/\/lavolierecirque.com\/index.php\/wp-json\/wp\/v2\/pages\/1526\/revisions\/6032"}],"wp:attachment":[{"href":"https:\/\/lavolierecirque.com\/index.php\/wp-json\/wp\/v2\/media?parent=1526"}],"curies":[{"name":"wp","href":"https:\/\/api.w.org\/{rel}","templated":true}]}}